{"id":7540,"date":"2025-08-26T09:13:51","date_gmt":"2025-08-26T09:13:51","guid":{"rendered":"https:\/\/clinicprof.com\/clinic-core-values\/nature-of-transplanted-hair\/"},"modified":"2025-09-29T18:14:15","modified_gmt":"2025-09-29T18:14:15","slug":"nature-of-transplanted-hair","status":"publish","type":"clinic-core-values","link":"https:\/\/clinicprof.com\/tr\/clinic-core-values\/nature-of-transplanted-hair\/","title":{"rendered":"Ekilen Sa\u00e7\u0131n Do\u011fas\u0131"},"template":"","clinic-core-categories":[102],"class_list":["post-7540","clinic-core-values","type-clinic-core-values","status-publish","hentry","clinic-core-categories-male-hair-transplant-in-turkey"],"_links":{"self":[{"href":"https:\/\/clinicprof.com\/tr\/wp-json\/wp\/v2\/clinic-core-values\/7540","targetHints":{"allow":["GET"]}}],"collection":[{"href":"https:\/\/clinicprof.com\/tr\/wp-json\/wp\/v2\/clinic-core-values"}],"about":[{"href":"https:\/\/clinicprof.com\/tr\/wp-json\/wp\/v2\/types\/clinic-core-values"}],"wp:attachment":[{"href":"https:\/\/clinicprof.com\/tr\/wp-json\/wp\/v2\/media?parent=7540"}],"wp:term":[{"taxonomy":"clinic-core-categories","embeddable":true,"href":"https:\/\/clinicprof.com\/tr\/wp-json\/wp\/v2\/clinic-core-categories?post=7540"}],"curies":[{"name":"wp","href":"https:\/\/api.w.org\/{rel}","templated":true}]}}

Ekilen Saçın Doğası
